 - 8*m - 2. Let g(b) = 4*b**3 - 9*b**2 + 14*b + 25. Let l(j) = -2*g(j) - 7*k(j). What is l(-4)?
-6
Suppose t + 18 = -2*t. Let m be 27/(-6) + t/4. Let q(v) = 2*v + 4. Calculate q(m).
-8
Let n(p) = -p**2 - p - 2. Let c(i) = 2*i**2 + 11*i + 6. Let d(z) = c(z) + 3*n(z). Calculate d(7).
7
Let g(f) = 4*f**2 - 11 - 2*f**2 - 4*f**2 + 45*f + 3*f**2 - 42*f. Give g(5).
29
Let y = -17 + 19. Let v(t) = 6*t + 2*t - 5 - 5*t + 2. What is v(y)?
3
Let i(z) be the first derivative of 3*z**2/2 + z + 4. Let m be 193 - 192 - (-10)/(-2). Determine i(m).
-11
Let w(p) be the third derivative of p**4/4 + p**3 + 790*p**2. What is w(-2)?
-6
Suppose 7*u - 8 = -u. Let s(v) = 5*v**2 + 0 - 3 + u + 1. Suppose -6*w + 5*w - 4*d = -7, -3*w + 3 = 3*d. Determine s(w).
4
Suppose -5*b - 20 = y, -4*y = -4*b - 0 - 16. Let x(n) = -3*n - n**2 - n + 0*n**2. What is x(b)?
0
Suppose 27*j - 134 = 28. Let k(v) = -v**2 + 2*v - 6. What is k(j)?
-30
Let c = -128 + 124. Let y(t) = 4 - t**3 - 2 + 7*t + 3 - 3*t**2. Give y(c).
-7
Let y(c) be the third derivative of 13*c**6/120 + c**5/60 - c**4/24 - c**3/6 - 12*c**2. Calculate y(-1).
-12
Let b(t) = -2*t + 4. Let w be b(7). Let r be (-8)/w*(-30)/(-4). Let m(g) = -g**2 + 7*g - 3. Determine m(r).
3
Let h(v) = -4*v + 2*v**2 - v**3 - 18*v**2 + 9*v**2 + 1 + 3*v**2. Suppose -3*d + 5 = -10. Let m = 2 - d. What is h(m)?
4
Suppose 0 = -h - 2*h - 3*w - 6, w = -4*h - 2. Let m(t) = -t**2 + 2 - t**3 + 0 + 0*t**2 - 3. Determine m(h).
-1
Let l = -3 + 10. Let q(k) = 3*k - l - 4*k + 10*k - 5*k. Let j(v) = 9*v - 14. Let t(s) = 3*j(s) - 7*q(s). Give t(0).
7
Let s = -25 + 22. Let c(d) = -d**3 - 4*d**2 - 3*d - 2. Give c(s).
-2
Let k(a) = 19*a**2 - 2*a + 1. Suppose 0 = 27*j - 33*j - 576. Let l = j - -97. Calculate k(l).
18
Let p(q) = 123 + 0*q + 7*q - 65 - 72. Calculate p(4).
14
Let g(o) = -2*o**2 - 3*o. Let b(u) = -2*u**2 - 4*u - 1. Let y(m) = 5*b(m) - 4*g(m). What is y(-6)?
-29
Let r(o) = -o**2 - 4*o + 12. Let k be r(2). Let m be 7 - (-4)/(-4 + k). Let f(j) = -j**2 + 8*j - 7. What is f(m)?
5
Let b(m) = m**2 - 4*m + 2. Let f(k) = -2*k**3 - k**2 - 2*k - 2. Suppose -4 = 7*g - 3*g. Let y be f(g). Let t be 4 - (3 - (y + 2)). What is b(t)?
2
Let o(q) = -q - 6. Let t(f) = -f - 8. Let b be t(-10). Suppose 4*r + 34 = -b. Determine o(r).
3
Let f = 115 + -114. Let j(g) = g**2. Calculate j(f).
1
Suppose 2*r + 5*b = 0, -b = 2*r + r + 13. Let j(c) = 5*c**2 + 2*c - 4. Let q(w) = 4*w**2 + w - 4. Let t(f) = 5*j(f) - 6*q(f). Calculate t(r).
9
Let t be -5*12/(-60)*0. Let j(d) = d**2 + 1. Determine j(t).
1
Let z(g) = -3 + 2*g + 5*g**3 - 2*g**2 + g - 6*g**3. Let y be (-1)/2 + (-50)/(-20)*-1. What is z(y)?
-3
Let y be ((-3)/9)/((-5)/15). Let a(q) = y - 2*q - 8 + 0. Calculate a(-6).
5
Let y(a) be the first derivative of -a**4/4 + a**3/3 + 33*a + 254. Calculate y(0).
33
Let u(o) = o**3 + 5*o**2 + 2*o - 3. Let i(h) = -h**3 - 17*h**2 + 21*h + 51. Let c be i(-18). What is u(c)?
9
Let o be 5 + -1 + -1*(-4)/(-2). Let v(r) = 6*r - 12*r**o + 24*r**2 - 13*r**2 - 7. Determine v(6).
-7
Let o(l) = -12*l**2 - 2*l - 1. Let i(g) be the first derivative of -g**2 - 19*g - 7. Let v = 5 + -14. Let y be i(v). Calculate o(y).
-11
Suppose -289*q = -81*q + 1040. Let v(j) = -2*j**2 + 2*j - 1. Let n(a) = -3*a**2 + 5*a - 1. Let f(g) = 3*n(g) - 5*v(g). Give f(q).
2
Let r(w) = w**3 - 5*w**2 - 6*w - 3. Suppose 6*c = 5*c - 4. Let l be (c/(-6))/((-8)/(-60)). Suppose 5*g = 3*t + 24, -l*g = -g - 5*t - 14. Calculate r(g).
-3
Let q(c) = -26*c - 21. Suppose i + 0*i + 6 = 0. Let o(u) = -9*u - 7. Let d(x) = i*q(x) + 17*o(x). Let v(y) = y**2 + 10*y + 11. Let b be v(-8). What is d(b)?
-8
Let z(x) = -x**3 - 3*x**2 - 2*x + 1. Let o = -2 - -5. Suppose 0 = 5*h - i + 16, 2*h = -0*h + o*i - 9. What is z(h)?
7
Let f(b) = b**3 - 6*b**2 + 2*b**2 - 15 + 2*b**2 + 0*b**3 - 6*b**2 - 6*b. What is f(9)?
12
Let p(w) = 7*w**3 + 12*w**2 - 8*w - 15. Let q(k) = -2*k**3 - k**2 - k. Let d(f) = p(f) + 3*q(f). Calculate d(-10).
-5
Let n(z) be the third derivative of z**5/60 + z**4/4 - z**3 + z**2. Let v(d) = 2*d**2 + 16*d + 25. Let w be v(-6). Let x be w/4 + (-250)/40. Calculate n(x).
-6
Let u(r) be the second derivative of -r**4/12 + r**3/6 - 11*r**2/2 + 38*r + 14. Give u(3).
-17
Let w(k) be the third derivative of k**6/120 + 3*k**5/20 + 2*k**3 + k**2 - 71*k. Calculate w(-9).
12
Let t be (0 - (0 + -7))*60/(-70). Let m(d) = -d**3 - 7*d**2 - 4*d + 14. What is m(t)?
2
Suppose -4 = q, 3*u - 11 = 5*q + 24. Let w(z) be the third derivative of z**4/24 - z**3 + 27*z**2 - 1. What is w(u)?
-1
Let b(t) = -7*t**3 - 3*t**2 + 7*t - 7. Let o = 81 + -76. Let c(f) = 3*f**3 + 2*f**2 - 3*f + 3. Let n(p) = o*c(p) + 2*b(p). Give n(-5).
-19
Suppose -4*c - c = 0. Let o = 4 - 1. Let r(w) = -o + 2 + 2 + c*w - w. Give r(0).
1
Let t(y) be the third derivative of -3/8*y**4 + 1/120*y**6 + 17*y**2 + 0*y + 1/12*y**5 + 0 - 1/2*y**3. Let c = 0 + -6. Give t(c).
15
Let j(d) = d**3 + 2*d**2 + 4*d + 5. Let v(r) = 2*r**3 + 2*r**2 + 5*r + 6. Let n(k) = 4*j(k) - 3*v(k). Suppose -5*s - c = -15, -c + 4 = s - 3. What is n(s)?
-4
Suppose 3*a - 30 = 3*v, v - 26 = -2*a - 6. Let w = 15 - a. Let j(d) = -3*d**2 + w + 0*d - d**3 - 4*d**2 - d + 2*d**2. What is j(-5)?
10
Let q = 109 + -107. Let f(u) = -u**3 + 4*u**2 - 5. Calculate f(q).
3
Let r(o) = -9*o**3 - 23*o**2 - 5*o + 8. Let s(f) = 5*f**3 + 12*f**2 + 2*f - 4. Let u(x) = -6*r(x) - 11*s(x). Calculate u(7).
3
Let d(f) = 2*f**2 + 12*f + 25. Let z be d(-4). Let r(y) = -y**3 + 8*y**2 + 9*y - 1. What is r(z)?
-1
Let g(s) = -s**3 - 18*s**2 - 16*s + 20. Let f be g(-17). Let c(y) = -8 + 2*y**2 + 8*y - f*y**2 + y**2 + y**2. Determine c(-8).
-8
Let p(d) = -7*d**2 + 15*d - 9. Let i be 4/7 - 552/84. Let t(w) = 20*w**2 - 44*w + 26. Let f(s) = i*t(s) - 17*p(s). Let q be (-34)/(-4) + 2/(-4). Give f(q).
5
Let k(x) be the third derivative of -x**4/12 - 297*x**2. Suppose -g + 15 = -6*g. Give k(g).
6
Let f be 1/((-1)/(-6))*1. Let o(j) = j**3 + j - 1. Let i(n) = -5*n**3 - 5*n**2 - 3*n + 3. Suppose -1 = 25*v - 26. Let u(c) = f*o(c) + v*i(c). Determine u(4).
-7
Let t(k) = -k**3 - 15*k**2 + 16*k - 12. Let u be 12/10*(-2120)/159. Determine t(u).
-12
Let z(l) = -l - 8. Let h = -55 + 38. Let s = h - -20. Suppose -v = s*o + 17, 5*v = 9 - 4. What is z(o)?
-2
Let u = -26 + 28. Suppose -2*l - 12 = -6*l. Let j(x) = -2 - l + 5 - u*x + 1. Determine j(3).
-5
Let f(q) = 0*q**3 - 6*q**2 + q**3 + 2*q + 1 - 5. Let t(n) = n**2 - 2*n + 6. Suppose 2 = 3*r - 2*r. Let k be t(r). Give f(k).
8
Let w be (-187)/44 + (-3)/(-12). Let o(t) = -t. Suppose 0 = 4*a - 6 + 2. Let g(h) = -6*h - 4. Let p(d) = a*g(d) - 4*o(d). Give p(w).
4
Let f(q) be the second derivative of q**5/20 - q**4/3 - q**3 + 2*q**2 + 566*q. Determine f(5).
-1
Let l(p) = -44*p**2 + 2 - 52*p**2 + 97*p**2 - 2*p. Give l(5).
17
Let w(s) = -s + 2. Let u(b) = 6*b + 11. Let y(i) = u(i) - 6*w(i). Give y(-1).
-13
Let d(t) = -3*t + 65. Let h be d(20). Let o(n) = -3*n - n + 3 + 0*n + 3*n. Determine o(h).
-2
Suppose -3*i + 21 = -3*y, -y = -0*y. Let u(g) be the first derivative of 4*g + 7/2*g**2 + 2/3*g**3 + i. Give u(-4).
8
Let v(r) = r**3. Let h(a) = 2*a**3 - 6*a**2 + 10*a + 17. Let x(y) = h(y) - 3*v(y). Let f be x(-7). Let m(o) = -1 + o**2 + 2*o - 4*o + 3*o + o. What is m(f)?
7
Let m be (15/(-6))/(1/2). Let i = 1 + m. Let k(b) = -15*b - 2. Let q(w) = 61*w + 10. Let u(f) = -4*k(f) - q(f). Determine u(i).
2
Let z(n) be the third derivative of n**7/2520 + n**6/120 + n**5/12 + 3*n**4/8 + 3*n**2. Let p(x) be the second derivative of z(x). Determine p(-7).
17
Let g(i) = 16*i + 9. Let a(y) = 3*y + 2. Let f(m) = 4*a(m) - g(m). Give f(-8).
31
Let j(k) be the third derivative of 0*k**4 + k**3 - 25*k**2 + 0 + 0*k + 1/60*k**5. Calculate j(0).
6
Let q be 1/(0 - 1)*(-129)/(-43). Let s(a) = -a**3 - a**2 + 2*a - 6. Determine s(q).
6
Suppose 2*t - 21*t + 38 = 0. Let y(a) = -3*a**3 - 2*a**2 - 2*a + 2. What is y(t)?
-34
Let a(i) = i**2 - 2*i + 23. Let w(h) = 2*h + 1. Let g(q) = a(q) - 6*w(q). What is g(12)?
-7
Let o(c) = -33*c + 18. Let t be o(6). Let u be t/(-22) + 2/(-11). Suppose 0 = -4*q + 12 + u. Let w(j) = -j - 3. What is w(q)?
-8
Let w(y) = 3*y - 16. Let b(m) = 9*m - 48. Let u(i) = -6*b(i) + 17*w(i). Let h = 0 - 4. Let q(d) = 4*d - 17. Let s(f) = h*q(f) - 5*u(f). Calculate s(0).
-12
Let t be 5 + -8 - (1 - 8). Let y(d) be the second derivative of -1/